hen 128219 is divided by 64105.
9
Calculate the remainder when 47180 is divided by 6737.
21
Calculate the remainder when 1551 is divided by 541.
469
Calculate the remainder when 5612 is divided by 706.
670
Calculate the remainder when 30402 is divided by 50.
2
What is the remainder when 386 is divided by 201?
185
Calculate the remainder when 29460 is divided by 14725.
10
Calculate the remainder when 27021 is divided by 3859.
8
Calculate the remainder when 106002 is divided by 3419.
13
Calculate the remainder when 124519 is divided by 724.
715
What is the remainder when 7473 is divided by 65?
63
What is the remainder when 525 is divided by 246?
33
What is the remainder when 4374 is divided by 464?
198
Calculate the remainder when 6658 is divided by 203.
162
What is the remainder when 205586 is divided by 135?
116
What is the remainder when 4897 is divided by 460?
297
Calculate the remainder when 79875 is divided by 625.
500
Calculate the remainder when 334007 is divided by 635.
632
What is the remainder when 191443 is divided by 27348?
7
Calculate the remainder when 31753 is divided by 408.
337
What is the remainder when 88450 is divided by 121?
120
Calculate the remainder when 37996 is divided by 5324.
728
What is the remainder when 214 is divided by 163?
51
What is the remainder when 75936 is divided by 22?
14
Calculate the remainder when 1203 is divided by 1159.
44
Calculate the remainder when 26834 is divided by 26808.
26
Calculate the remainder when 10162 is divided by 44.
42
Calculate the remainder when 4770847 is divided by 106.
105
What is the remainder when 117032 is divided by 56?
48
What is the remainder when 2270 is divided by 222?
50
What is the remainder when 56392 is divided by 18656?
424
What is the remainder when 48405 is divided by 849?
12
What is the remainder when 36984 is divided by 137?
131
Calculate the remainder when 17502 is divided by 2718.
1194
What is the remainder when 6876 is divided by 1090?
336
Calculate the remainder when 2757 is divided by 344.
5
What is the remainder when 11265 is divided by 2221?
160
What is the remainder when 30879 is divided by 7698?
87
What is the remainder when 137715 is divided by 769?
64
What is the remainder when 122091 is divided by 778?
723
Calculate the remainder when 82120 is divided by 195.
25
Calculate the remainder when 11162 is divided by 59.
11
What is the remainder when 5191 is divided by 897?
706
Calculate the remainder when 18333 is divided by 178.
177
Calculate the remainder when 26619 is divided by 328.
51
What is the remainder when 340866 is divided by 261?
0
Calculate the remainder when 51191 is divided by 51142.
49
What is the remainder when 19152 is divided by 9572?
8
Calculate the remainder when 1437 is divided by 251.
182
Calculate the remainder when 51253 is divided by 149.
146
What is the remainder when 3914 is divided by 204?
38
Calculate the remainder when 1432 is divided by 712.
8
Calculate the remainder when 6083 is divided by 34.
31
What is the remainder when 10567 is divided by 1?
0
Calculate the remainder when 14382 is divided by 10.
2
What is the remainder when 289 is divided by 190?
99
Calculate the remainder when 128475 is divided by 294.
291
Calculate the remainder when 4438 is divided by 223.
201
What is the remainder when 530728 is divided by 479?
475
What is the remainder when 3266 is divided by 363?
362
What is the remainder when 2649 is divided by 591?
285
Calculate the remainder when 10617 is divided by 1767.
15
What is the remainder when 2180 is divided by 472?
292
Calculate the remainder when 39968 is divided by 729.
602
Calculate the remainder when 6284 is divided by 6283.
1
What is the remainder when 62694 is divided by 30?
24
What is the remainder when 444 is divided by 94?
68
Calculate the remainder when 24368 is divided by 497.
15
What is the remainder when 266420 is divided by 13321?
0
What is the remainder when 22765 is divided by 308?
281
Calculate the remainder when 33711 is divided by 145.
71
What is the remainder when 253737 is divided by 84521?
174
What is the remainder when 10877912 is divided by 205?
202
What is the remainder when 7165 is divided by 28?
25
What is the remainder when 736 is divided by 22?
10
What is the remainder when 130089 is divided by 29?
24
Calculate the remainder when 6923 is divided by 496.
475
What is the remainder when 2142 is divided by 1256?
886
Calculate the remainder when 19120 is divided by 707.
31
Calculate the remainder when 1014 is divided by 63.
6
What is the remainder when 497 is divided by 219?
59
Calculate the remainder when 2051 is divided by 2038.
13
Calculate the remainder when 6468 is divided by 198.
132
What is the remainder when 42534 is divided by 1152?
1062
Calculate the remainder when 7939 is divided by 5.
4
What is the remainder when 25699 is divided by 63?
58
What is the remainder when 69066 is divided by 3288?
18
What is the remainder when 4677 is divided by 953?
865
Calculate the remainder when 2493 is divided by 460.
193
Calculate the remainder when 983 is divided by 12.
11
Calculate the remainder when 34144 is divided by 18.
16
Calculate the remainder when 76234 is divided by 103.
14
Calculate the remainder when 78679 is divided by 166.
161
Calculate the remainder when 3060 is divided by 508.
12
What is the remainder when 723505 is divided by 476?
461
Calculate the remainder when 70905 is divided by 121.
120
Calculate the remainder when 67003 is divided by 66989.
14
Calculate the remainder when 110678 is divided by 96.
86
What is the remainder when 404006 is divided by 10?
6
Calculate the remainder when 48810 is divided by 1573.
47
Calculate the remainder when 103837 is divided by 345.
337
Calculate the remainder when 17423 is divided by 378.
35
What is the remainder when 2013 is divided by 962?
89
Calculate the remainder when 660 is divided by 89.
37
What is the remainder when 100015 is divided by 28?
27
What is the remainder when 251699 is divided by 397?
1
What is the remainder when 1737758 is divided by 43?
42
What is the remainder when 12639 is divided by 420?
39
What is the remainder when 348740 is divided by 214?
134
What is the remainder when 15503 is divided by 12?
11
Calculate the remainder when 574 is divided by 7.
0
Calculate the remainder when 5044 is divided by 47.
15
Calculate the remainder when 12280 is divided by 646.
6
What is the remainder when 5123 is divided by 1625?
248
Calculate the remainder when 16480 is divided by 7877.
726
What is the remainder when 1597 is divided by 13?
11
Calculate the remainder when 27029 is divided by 604.
453
Calculate the remainder when 10990 is divided by 2702.
182
Calculate the remainder when 199153 is divided by 22122.
55
What is the remainder when 30574 is divided by 294?
292
Calculate the remainder when 97900 is divided by 29.
25
Calculate the remainder when 1434 is divided by 188.
118
Calculate the remainder when 50645 is divided by 487.
484
What is the remainder when 96046 is divided by 19208?
6
Calculate the remainder when 14755 is divided by 5.
0
Calculate the remainder when 138499 is divided by 26.
23
What is the remainder when 7124 is divided by 1019?
1010
What is the remainder when 17290 is divided by 7629?
2032
What is the remainder when 448708 is divided by 1136?
1124
Calculate the remainder when 17741 is divided by 142.
133
Calculate the remainder when 466 is divided by 140.
46
What is the remainder when 2042 is divided by 502?
34
Calculate the remainder when 2207 is divided by 1092.
23
Calculate the remainder when 6639 is divided by 3229.
181
Calculate the remainder when 21415 is divided by 45.
40
What is the remainder when 93210 is divided by 40?
10
Calculate the remainder when 647 is divided by 11.
9
Calculate the remainder when 8843 is divided by 2369.
1736
Calculate the remainder when 33646 is divided by 142.
134
Calculate the remainder when 294347 is divided by 175.
172
What is the remainder when 3631 is divided by 3161?
470
What is the remainder when 28665 is divided by 2605?
10
Calculate the remainder when 6013 is divided by 2978.
57
Calculate the remainder when 48765 is divided by 12170.
85
Calculate the remainder when 2870 is divided by 81.
35
What is the remainder when 11656 is divided by 387?
46
Cal